
Let s(t) = t**3 + 17*t**2 + 24*t - 90. Let z be s(-15). Suppose k - 10*j + 5*j - 1194 = z, 0 = 2*j + 6. What are the prime factors of k?
3, 131
Let v be 15/(-2) + 1 + (-84)/(-168). What are the prime factors of 194 + 8*3/v?
2, 5, 19
Let g = 3218 - 3106. What are the prime factors of g?
2, 7
Let t be ((-32)/(-40))/((-12)/10)*-27. Suppose -22*o + 2464 = -t*o. List the prime factors of o.
2, 7, 11
Suppose -327*v - 1764 = -331*v. Let a = v - 299. List the prime factors of a.
2, 71
Suppose -27*c = -66*c + 471783. What are the prime factors of c?
12097
Suppose 3*j + 0*j + 52 = 4*v, j + v + 8 = 0. Let c = j - -38. Let m = c + -22. List the prime factors of m.
2
Suppose -u + 1 = -1. Suppose -3*m + 0*m + 928 - 514 = 0. Suppose -2*o - 506 = -5*a + 144, a - m = u*o. What are the prime factors of a?
2
Let a(k) = -18*k - 28. Let u be (-84)/9 + 2/(-3). Let b be a(u). List the prime factors of (11/22)/(2/b).
2, 19
Let m(b) = -2*b**3 + 4*b**2 + 7*b + 1. Suppose -w = g + 3 + 1, 3*g + 4*w + 14 = 0. What are the prime factors of m(g)?
19
Let s = 2604 + -930. List the prime factors of s.
2, 3, 31
Suppose 32*s + 5708 - 920 = 35*s. List the prime factors of s.
2, 3, 7, 19
Suppose 5*c - 48009 = -v, -3*v + 144044 = -1340*c + 1338*c. What are the prime factors of v?
2, 24007
Let g = 60759 + -13720. List the prime factors of g.
17, 2767
Suppose 8*w + 23024 = 2*f, 28*f = 23*f + 4*w + 57624. List the prime factors of f.
2, 11, 131
Suppose 24*s - 21348 = 10380. What are the prime factors of s?
2, 661
Let x be 299/6 + (-9)/(-54). Let f = -766 + 758. Let g = x + f. What are the prime factors of g?
2, 3, 7
Suppose -4*t - t = 4*o + 812, 5*o = t + 145. Let k(v) = -v**2 - 35*v - 188. Let d be k(-28). What are the prime factors of 974/8 + (-5)/t*d?
2, 61
Suppose -2*h = 4*x - 171366, 55*x - 5*h = 39*x + 685373. List the prime factors of x.
2, 21419
Suppose -2*b = 5*c - 29, 5*b - 4*c + 10 = -0*b. Suppose -89 = -m - 5*u, 0 = b*m - 5*m - 4*u + 234. List the prime factors of m.
2, 37
Suppose 1209 = -29*f + 32*f. Suppose -c + f = 2*r - 2*c, 2*r + c - 413 = 0. Suppose -3*d = 3*h - r, 0 = h - d - 27 - 35. What are the prime factors of h?
5, 13
Suppose 15635 + 120563 = 32*t - 132506. What are the prime factors of t?
3, 311
Let g(n) be the first derivative of n**3/3 - 9*n**2/2 + 2*n - 28. What are the prime factors of g(-8)?
2, 3, 23
Let h be (6 + 130/(-13))*22/8. Let f(v) = 6*v**2 - 21*v - 93. What are the prime factors of f(h)?
2, 3
Suppose 25*u - 21*u = -2*y + 51130, -u - 3*y = -12790. What are the prime factors of u?
12781
Let u = 34 + -32. Let z(x) = 7*x - 4*x + 6*x**u + 3*x - 4*x + 10. What are the prime factors of z(-6)?
2, 107
Suppose -4*i + 2018 + 9783 = 3*b, -5*b = -2*i - 19651. What are the prime factors of b?
3931
Let t(a) = 2*a - 10. Let b be 2/(-15) - 580/150. Let i be t(b). Let d(v) = -2*v**2 - 46*v + 3. List the prime factors of d(i).
3, 61
Suppose -9*t = -10*t + 5*t. Suppose -4*k - 2828 = -3*a, -12*a + 11*a + 2*k + 946 = t. Suppose 3*c = -5*c + a. List the prime factors of c.
3, 13
Let t(n) = -3*n - 10. Let w be t(-3). Let i(s) = -1. Let q(p) = 32*p + 8. Let j(b) = w*q(b) - 3*i(b). What are the prime factors of j(-2)?
59
Let r = -236 + 497. Let z = r + 113. What are the prime factors of z?
2, 11, 17
Let z = 39310 - 1966. What are the prime factors of z?
2, 3, 389
Let b(k) = -15*k - 73. Suppose 0*u - 23*u - 299 = 0. List the prime factors of b(u).
2, 61
Let k(i) = 594*i + 579. List the prime factors of k(40).
3, 7, 19, 61
Let g(b) = 5*b + 16. Let i(s) = -11*s + 5. Let f(y) = -4*y + 2. Let k(c) = 8*f(c) - 3*i(c). Let x(u) = -g(u) + 6*k(u). What are the prime factors of x(23)?
13
Let s be (35/(-4))/((-2)/(-8)). Let v = 34 + s. What are the prime factors of (3/(3/(-59)))/(v - 0)?
59
Let x be (-552)/(-120) + (-2)/(-5). Suppose -3*m - 3*i + 731 + 1384 = 0, x*i - 1416 = -2*m. List the prime factors of m.
19, 37
Let a be (-3 - -4 - 0) + 3. Suppose -2 = -g, a*l + 3*g + 5 = -1. What are the prime factors of 2 - (-44 + 0) - l?
7
Let r = 6743 - 6738. Suppose -5*y = -8 - 2. Suppose -r*s = -10, -2*d + s = y*s - 310. What are the prime factors of d?
2, 7, 11
Suppose -2*a = -1436 - 1156. Suppose 0 = -57*q + 55*q + a. What are the prime factors of q?
2, 3
Let h(y) = -3*y + 23. Let p be h(10). Let f be (23/2)/(p/(-14)). What are the prime factors of (4 - f)*(-5)/5?
19
Suppose 0 = -10*i + 3014 + 2966. Suppose -4*z + 998 + i = 0. List the prime factors of z.
3, 7, 19
Let h(y) = -y**3 + 25*y**2 - 4*y - 191. Suppose 10*c - 3*l = 12*c - 39, 0 = -5*c + 4*l + 132. What are the prime factors of h(c)?
17
Suppose -5*n - 158 = 87. Let b = -45 - n. Suppose 350 = b*h + h. What are the prime factors of h?
2, 5, 7
Let f(m) = m**3 - 24*m**2 + 2*m + 23. Let j be f(27). Suppose -9*s + 7*s + j = -t, s = 5*t + 1123. What are the prime factors of s?
11, 103
Let z = 27 + -74. Let l = z - -50. Suppose -3*o = -l*t + 54, -3*o + 26 = -2*t + 4*t. What are the prime factors of t?
2
What are the prime factors of 45/60*12 + 6180?
3, 2063
Suppose -3*u = -2*u - i - 3532, -4*u - 4*i = -14096. List the prime factors of u.
2, 3, 7
Let x be 284/(-3)*((-1719)/36 - -2). Let l = x + -2426. List the prime factors of l.
3, 5, 127
Let r(b) = -32*b**2 - 1000*b + 4. List the prime factors of r(-10).
2, 3, 7
Suppose 0 = -v - 3*v - w + 52242, 4*v - 5*w - 52206 = 0. What are the prime factors of v?
3, 1451
Suppose -30*h + 32*h - 3*s = 15533, -4*h + 3*s = -31075. What are the prime factors of h?
19, 409
Let t(j) = -100*j**2 - 17*j - 3. Let g(s) = -100*s**2 - 18*s - 3. Let q(p) = 3*g(p) - 4*t(p). List the prime factors of q(2).
431
Suppose a + 16*x - 13*x = 12994, 52008 = 4*a + 4*x. List the prime factors of a.
2, 7, 929
Suppose -8*i = -19*i + 275. Let k(g) = g**3 - 24*g**2 + 19*g - 53. List the prime factors of k(i).
3, 349
Let c = 12265 + -9089. List the prime factors of c.
2, 397
Suppose -71*t + 938371 = 43*t - 879131. List the prime factors of t.
107, 149
What are the prime factors of -1*((-14)/77 - 204652/77)?
2, 3, 443
Suppose -2*k - 1 = -5*c, 3*k + 14 = -3*c - 2*c. List the prime factors of -3 - -2 - -272 - k.
2, 137
Let v be 1 - (-7)/(-5) - (-17)/5. Suppose -8*r = -v*r - 25, 0 = -n + r - 5. Suppose 5*w + 2 = -z, -5*w = -n*w + 25. What are the prime factors of z?
23
Let c(i) be the second derivative of -5*i**3 - 58*i**2 - 6*i. What are the prime factors of c(-24)?
2, 151
What are the prime factors of 14/(1862/2096023) - (-3)/7?
2, 5, 197
List the prime factors of (-2)/5 + 41613308/4070.
2, 3, 71
Suppose 1943 = -d + t + 6918, -5*d + 3*t = -24873. List the prime factors of d.
2, 3, 829
Let c = -29 - 13. Let d be 2/(-5) + c/(-30). List the prime factors of 71 - (0 - (d + 2)).
2, 37
Let z be (-10)/(-4)*64/(-40). Let h be z - -4*-3*(-3)/9. Suppose h = -31*b + 15*b + 832. What are the prime factors of b?
2, 13
Suppose 0 = -60*n + 56*n - 56. Let h be (-1102)/n - -3*(-6)/(-63). Suppose 3*q + b = 286, -5*b = 3*q - 211 - h. List the prime factors of q.
5, 19
Let a(l) = -4*l**2 - 32*l - 9. Let m be a(12). Let n = m - -1501. List the prime factors of n.
2, 7, 19
Let q = 312 - 189. Let c = q + -121. Suppose 5*i = 2*h - 133, i = -c*h + 2*i + 145. What are the prime factors of h?
2, 37
Let m = -1386 + 1379. Let z be 2 + (0 - -15) + 2. Let p = z + m. List the prime factors of p.
2, 3
Suppose 0 = -3*s - 24*s + 351. What are the prime factors of 0 + (-2)/s + 3161/13?
3
Let z(n) = 16*n - 124. Let x be z(8). What are the prime factors of ((-93)/x)/(1*(-6)/8)?
31
Suppose 9*m - 4*y = 5*m + 7532, 0 = -2*m + 5*y + 3775. Suppose 30*v - 25*v = -m. What are the prime factors of ((-518)/8)/(-1) + (-94)/v?
5, 13
Let y = 35015 + -22546. What are the prime factors of y?
37, 337
Let m be 39/24 - 15/(-40). Let n(x) = 6 + x**3 - 2 - 3*x**2 + 1 - 5*x - m*x**2. List the prime factors of n(7).
2, 17
Suppose 0 = 7*w - 8*w + 3. Let p(q) = 29*q**2 - 3*q + 3. Let x(m) = -30*m**2 + 3*m - 3. Let t(z) = w*x(z) + 4*p(z). List the prime factors of t(-2).
113
Let r be (2/6)/(4/60). Let a = 359 - 413. Let k = r - a. What are the prime factors of k?
59
What are the prime factors of ((-28)/(-42))/(4/(-54))*(-4388)/4?
3, 1097
Let a be (1 - 17)/((-24)/(-68))*-3. Let f be (-2)/(-5) - a/(-10). Let q(j) = 7*j - 33. What are the prime factors of q(f)?
5, 13
Suppose -41*o + 983327